{"id":505,"date":"2021-11-24T10:50:30","date_gmt":"2021-11-24T09:50:30","guid":{"rendered":"https:\/\/www.astrofotografie-wiget.ch\/?page_id=505"},"modified":"2023-04-19T11:46:10","modified_gmt":"2023-04-19T10:46:10","slug":"m-16-adlernebel","status":"publish","type":"page","link":"https:\/\/www.astrofotografie-wiget.ch\/index.php\/fotogallerie\/messier-katalog\/m-16-adlernebel\/","title":{"rendered":"M 16 &#8211; Adlernebel"},"content":{"rendered":"<p>Der Adlernebel (oder IC 4703) ist ein Nebel der in einer Verbindung mit einem offenen Sternenhaufen ist. Der Sternenhaufen hat ebenfalls die Bezeichnung M 16 oder NGC 6611.<\/p>\n<p>Er befindet sich im Sternbild Schlange und ist etwa 7&#8217;000 Lichtjahre entfernt. Die scheinbare Helligkeit betr\u00e4gt 6.4 mag.<\/p>\n<p>Beim Adlernebel handelt es sich um einen Emissionsnebel vom Typ H II, aus dem sich ein offener Sternhaufen bildet. Er besteht haupts\u00e4chlich aus Wasserstoff, welche sich wegen der geringen Temperaturen zu Wasserstoffmolek\u00fclen zusammenschliessen konnten.<\/p>\n<p>Er enth\u00e4lt Staubs\u00e4ulen an deren Spitze sich neue Sterne befinden, daher werden diese auch S\u00e4ulen der Sch\u00f6pfung genannt. Sie enthalten Silikat und Kohlenstoffpartikel. Die Sterne sind im Schnitt etwa 800&#8217;000 Jahre alt, wobei einige sehr jung sind. Das Alter der j\u00fcngsten Sterne wird auf 50&#8217;000 Jahre gesch\u00e4tzt.<\/p>\n<p>Entdeckt wurde das Objekt im Jahre 1745 vom Schweizer Astronomen Jean-Philippe de Ch\u00e9seaux.<\/p>\nngg_shortcode_0_placeholder\n<p><a href=\"https:\/\/www.astrofotografie-wiget.ch\/\">Home<\/a>&nbsp; &nbsp;<a href=\"https:\/\/www.astrofotografie-wiget.ch\/index.php\/fotogallerie\/\">Fotogallerie<\/a>&nbsp; &nbsp;<a href=\"https:\/\/www.astrofotografie-wiget.ch\/index.php\/fotogallerie\/messier-katalog\/\">Messier-Katalog<\/a><\/p>\n","protected":false},"excerpt":{"rendered":"<p>Der Adlernebel (oder IC 4703) ist ein Nebel der in einer Verbindung mit einem offenen Sternenhaufen ist. Der Sternenhaufen hat ebenfalls die Bezeichnung M 16 oder NGC 6611. Er befindet sich im Sternbild Schlange und ist etwa 7&#8217;000 Lichtjahre entfernt. Die scheinbare Helligkeit betr\u00e4gt 6.4 mag. Beim Adlernebel handelt es sich um einen Emissionsnebel vom&hellip; <a class=\"more-link\" href=\"https:\/\/www.astrofotografie-wiget.ch\/index.php\/fotogallerie\/messier-katalog\/m-16-adlernebel\/\"><span class=\"screen-reader-text\">M 16 &#8211; Adlernebel<\/span> weiterlesen<\/a><\/p>\n","protected":false},"author":1,"featured_media":0,"parent":318,"menu_order":0,"comment_status":"closed","ping_status":"closed","template":"","meta":{"ngg_post_thumbnail":0,"footnotes":""},"class_list":["post-505","page","type-page","status-publish","hentry","entry"],"yoast_head":"<!-- This site is optimized with the Yoast SEO plugin v24.7 - https:\/\/yoast.com\/wordpress\/plugins\/seo\/ -->\r\n<title>M 16 - Adlernebel - Astronomie &amp; Astrofotografie<\/title>\r\n<meta name=\"robots\" content=\"index, follow, max-snippet:-1, max-image-preview:large, max-video-preview:-1\" \/>\r\n<link rel=\"canonical\" href=\"https:\/\/www.astrofotografie-wiget.ch\/index.php\/fotogallerie\/messier-katalog\/m-16-adlernebel\/\" \/>\r\n<meta property=\"og:locale\" content=\"de_DE\" \/>\r\n<meta property=\"og:type\" content=\"article\" \/>\r\n<meta property=\"og:title\" content=\"M 16 - Adlernebel - Astronomie &amp; Astrofotografie\" \/>\r\n<meta property=\"og:description\" content=\"Der Adlernebel (oder IC 4703) ist ein Nebel der in einer Verbindung mit einem offenen Sternenhaufen ist. Der Sternenhaufen hat ebenfalls die Bezeichnung M 16 oder NGC 6611. Er befindet sich im Sternbild Schlange und ist etwa 7&#8217;000 Lichtjahre entfernt. Die scheinbare Helligkeit betr\u00e4gt 6.4 mag. Beim Adlernebel handelt es sich um einen Emissionsnebel vom&hellip; M 16 &#8211; Adlernebel weiterlesen\" \/>\r\n<meta property=\"og:url\" content=\"https:\/\/www.astrofotografie-wiget.ch\/index.php\/fotogallerie\/messier-katalog\/m-16-adlernebel\/\" \/>\r\n<meta property=\"og:site_name\" content=\"Astronomie &amp; Astrofotografie\" \/>\r\n<meta property=\"article:publisher\" content=\"https:\/\/www.facebook.com\/andrewiget\" \/>\r\n<meta property=\"article:modified_time\" content=\"2023-04-19T10:46:10+00:00\" \/>\r\n<meta name=\"twitter:card\" content=\"summary_large_image\" \/>\r\n<meta name=\"twitter:label1\" content=\"Gesch\u00e4tzte Lesezeit\" \/>\n\t<meta name=\"twitter:data1\" content=\"1\u00a0Minute\" \/>\r\n<script type=\"application\/ld+json\" class=\"yoast-schema-graph\">{\"@context\":\"https:\/\/schema.org\",\"@graph\":[{\"@type\":\"WebPage\",\"@id\":\"https:\/\/www.astrofotografie-wiget.ch\/index.php\/fotogallerie\/messier-katalog\/m-16-adlernebel\/\",\"url\":\"https:\/\/www.astrofotografie-wiget.ch\/index.php\/fotogallerie\/messier-katalog\/m-16-adlernebel\/\",\"name\":\"M 16 - Adlernebel - Astronomie &amp; Astrofotografie\",\"isPartOf\":{\"@id\":\"\/#website\"},\"datePublished\":\"2021-11-24T09:50:30+00:00\",\"dateModified\":\"2023-04-19T10:46:10+00:00\",\"breadcrumb\":{\"@id\":\"https:\/\/www.astrofotografie-wiget.ch\/index.php\/fotogallerie\/messier-katalog\/m-16-adlernebel\/#breadcrumb\"},\"inLanguage\":\"de\",\"potentialAction\":[{\"@type\":\"ReadAction\",\"target\":[\"https:\/\/www.astrofotografie-wiget.ch\/index.php\/fotogallerie\/messier-katalog\/m-16-adlernebel\/\"]}]},{\"@type\":\"BreadcrumbList\",\"@id\":\"https:\/\/www.astrofotografie-wiget.ch\/index.php\/fotogallerie\/messier-katalog\/m-16-adlernebel\/#breadcrumb\",\"itemListElement\":[{\"@type\":\"ListItem\",\"position\":1,\"name\":\"Fotogallerie\",\"item\":\"https:\/\/www.astrofotografie-wiget.ch\/index.php\/fotogallerie\/\"},{\"@type\":\"ListItem\",\"position\":2,\"name\":\"Messier-Katalog\",\"item\":\"https:\/\/www.astrofotografie-wiget.ch\/index.php\/fotogallerie\/messier-katalog\/\"},{\"@type\":\"ListItem\",\"position\":3,\"name\":\"M 16 &#8211; Adlernebel\"}]},{\"@type\":\"WebSite\",\"@id\":\"\/#website\",\"url\":\"\/\",\"name\":\"Astronomie & Astrofotografie\",\"description\":\"Sonne, Mond, Planeten, Deep Sky\",\"publisher\":{\"@id\":\"\/#\/schema\/person\/6a8fe3f5ae57c6370d432efba693924f\"},\"potentialAction\":[{\"@type\":\"SearchAction\",\"target\":{\"@type\":\"EntryPoint\",\"urlTemplate\":\"\/?s={search_term_string}\"},\"query-input\":{\"@type\":\"PropertyValueSpecification\",\"valueRequired\":true,\"valueName\":\"search_term_string\"}}],\"inLanguage\":\"de\"},{\"@type\":[\"Person\",\"Organization\"],\"@id\":\"\/#\/schema\/person\/6a8fe3f5ae57c6370d432efba693924f\",\"name\":\"Andr\u00e9\",\"image\":{\"@type\":\"ImageObject\",\"inLanguage\":\"de\",\"@id\":\"\/#\/schema\/person\/image\/\",\"url\":\"https:\/\/www.astrofotografie-wiget.ch\/wp-content\/uploads\/2022\/01\/2022.01.14-NGC-2244-WBPP-32x300s-small-1024x905.png\",\"contentUrl\":\"https:\/\/www.astrofotografie-wiget.ch\/wp-content\/uploads\/2022\/01\/2022.01.14-NGC-2244-WBPP-32x300s-small-1024x905.png\",\"width\":1024,\"height\":905,\"caption\":\"Andr\u00e9\"},\"logo\":{\"@id\":\"\/#\/schema\/person\/image\/\"},\"sameAs\":[\"https:\/\/www.astrofotografie-wiget.ch\",\"https:\/\/www.facebook.com\/andrewiget\",\"https:\/\/www.instagram.com\/andrewiget\"]}]}<\/script>\r\n<!-- \/ Yoast SEO plugin. -->","yoast_head_json":{"title":"M 16 - Adlernebel - Astronomie &amp; Astrofotografie","robots":{"index":"index","follow":"follow","max-snippet":"max-snippet:-1","max-image-preview":"max-image-preview:large","max-video-preview":"max-video-preview:-1"},"canonical":"https:\/\/www.astrofotografie-wiget.ch\/index.php\/fotogallerie\/messier-katalog\/m-16-adlernebel\/","og_locale":"de_DE","og_type":"article","og_title":"M 16 - Adlernebel - Astronomie &amp; Astrofotografie","og_description":"Der Adlernebel (oder IC 4703) ist ein Nebel der in einer Verbindung mit einem offenen Sternenhaufen ist. Der Sternenhaufen hat ebenfalls die Bezeichnung M 16 oder NGC 6611. Er befindet sich im Sternbild Schlange und ist etwa 7&#8217;000 Lichtjahre entfernt. Die scheinbare Helligkeit betr\u00e4gt 6.4 mag. Beim Adlernebel handelt es sich um einen Emissionsnebel vom&hellip; M 16 &#8211; Adlernebel weiterlesen","og_url":"https:\/\/www.astrofotografie-wiget.ch\/index.php\/fotogallerie\/messier-katalog\/m-16-adlernebel\/","og_site_name":"Astronomie &amp; Astrofotografie","article_publisher":"https:\/\/www.facebook.com\/andrewiget","article_modified_time":"2023-04-19T10:46:10+00:00","twitter_card":"summary_large_image","twitter_misc":{"Gesch\u00e4tzte Lesezeit":"1\u00a0Minute"},"schema":{"@context":"https:\/\/schema.org","@graph":[{"@type":"WebPage","@id":"https:\/\/www.astrofotografie-wiget.ch\/index.php\/fotogallerie\/messier-katalog\/m-16-adlernebel\/","url":"https:\/\/www.astrofotografie-wiget.ch\/index.php\/fotogallerie\/messier-katalog\/m-16-adlernebel\/","name":"M 16 - Adlernebel - Astronomie &amp; Astrofotografie","isPartOf":{"@id":"\/#website"},"datePublished":"2021-11-24T09:50:30+00:00","dateModified":"2023-04-19T10:46:10+00:00","breadcrumb":{"@id":"https:\/\/www.astrofotografie-wiget.ch\/index.php\/fotogallerie\/messier-katalog\/m-16-adlernebel\/#breadcrumb"},"inLanguage":"de","potentialAction":[{"@type":"ReadAction","target":["https:\/\/www.astrofotografie-wiget.ch\/index.php\/fotogallerie\/messier-katalog\/m-16-adlernebel\/"]}]},{"@type":"BreadcrumbList","@id":"https:\/\/www.astrofotografie-wiget.ch\/index.php\/fotogallerie\/messier-katalog\/m-16-adlernebel\/#breadcrumb","itemListElement":[{"@type":"ListItem","position":1,"name":"Fotogallerie","item":"https:\/\/www.astrofotografie-wiget.ch\/index.php\/fotogallerie\/"},{"@type":"ListItem","position":2,"name":"Messier-Katalog","item":"https:\/\/www.astrofotografie-wiget.ch\/index.php\/fotogallerie\/messier-katalog\/"},{"@type":"ListItem","position":3,"name":"M 16 &#8211; Adlernebel"}]},{"@type":"WebSite","@id":"\/#website","url":"\/","name":"Astronomie & Astrofotografie","description":"Sonne, Mond, Planeten, Deep Sky","publisher":{"@id":"\/#\/schema\/person\/6a8fe3f5ae57c6370d432efba693924f"},"potentialAction":[{"@type":"SearchAction","target":{"@type":"EntryPoint","urlTemplate":"\/?s={search_term_string}"},"query-input":{"@type":"PropertyValueSpecification","valueRequired":true,"valueName":"search_term_string"}}],"inLanguage":"de"},{"@type":["Person","Organization"],"@id":"\/#\/schema\/person\/6a8fe3f5ae57c6370d432efba693924f","name":"Andr\u00e9","image":{"@type":"ImageObject","inLanguage":"de","@id":"\/#\/schema\/person\/image\/","url":"https:\/\/www.astrofotografie-wiget.ch\/wp-content\/uploads\/2022\/01\/2022.01.14-NGC-2244-WBPP-32x300s-small-1024x905.png","contentUrl":"https:\/\/www.astrofotografie-wiget.ch\/wp-content\/uploads\/2022\/01\/2022.01.14-NGC-2244-WBPP-32x300s-small-1024x905.png","width":1024,"height":905,"caption":"Andr\u00e9"},"logo":{"@id":"\/#\/schema\/person\/image\/"},"sameAs":["https:\/\/www.astrofotografie-wiget.ch","https:\/\/www.facebook.com\/andrewiget","https:\/\/www.instagram.com\/andrewiget"]}]}},"jetpack-related-posts":[],"jetpack_sharing_enabled":true,"_links":{"self":[{"href":"https:\/\/www.astrofotografie-wiget.ch\/index.php\/wp-json\/wp\/v2\/pages\/505","targetHints":{"allow":["GET"]}}],"collection":[{"href":"https:\/\/www.astrofotografie-wiget.ch\/index.php\/wp-json\/wp\/v2\/pages"}],"about":[{"href":"https:\/\/www.astrofotografie-wiget.ch\/index.php\/wp-json\/wp\/v2\/types\/page"}],"author":[{"embeddable":true,"href":"https:\/\/www.astrofotografie-wiget.ch\/index.php\/wp-json\/wp\/v2\/users\/1"}],"replies":[{"embeddable":true,"href":"https:\/\/www.astrofotografie-wiget.ch\/index.php\/wp-json\/wp\/v2\/comments?post=505"}],"version-history":[{"count":6,"href":"https:\/\/www.astrofotografie-wiget.ch\/index.php\/wp-json\/wp\/v2\/pages\/505\/revisions"}],"predecessor-version":[{"id":983,"href":"https:\/\/www.astrofotografie-wiget.ch\/index.php\/wp-json\/wp\/v2\/pages\/505\/revisions\/983"}],"up":[{"embeddable":true,"href":"https:\/\/www.astrofotografie-wiget.ch\/index.php\/wp-json\/wp\/v2\/pages\/318"}],"wp:attachment":[{"href":"https:\/\/www.astrofotografie-wiget.ch\/index.php\/wp-json\/wp\/v2\/media?parent=505"}],"curies":[{"name":"wp","href":"https:\/\/api.w.org\/{rel}","templated":true}]}}